{"id":2,"date":"2015-01-14T18:48:52","date_gmt":"2015-01-14T18:48:52","guid":{"rendered":"http:\/\/www.faustballartikel.de\/esg_wp\/?page_id=2"},"modified":"2023-01-14T11:46:17","modified_gmt":"2023-01-14T10:46:17","slug":"faustball","status":"publish","type":"page","link":"https:\/\/www.faustballartikel.de\/esg_wp\/","title":{"rendered":"Faustball"},"content":{"rendered":"<p>Wer wissen m\u00f6chte wie es geht?<\/p>\n<p>Faustball ist ein R\u00fcckschlagspiel, bei dem sich zwei Mannschaften auf zwei Halbfeldern gegen\u00fcberstehen, \u00e4hnlich wie beim&nbsp;<a title=\"Volleyball\" href=\"http:\/\/de.wikipedia.org\/wiki\/Volleyball\">Volleyball<\/a>. Sie sind durch eine Mittellinie und ein Band (fr\u00fcher war auch eine Leine erlaubt) getrennt, das zwischen zwei Pfosten in \u2013&nbsp; je nach Altersklasse&nbsp;\u2013 bis zu zwei Meter H\u00f6he gespannt ist. Band und Pfosten d\u00fcrfen weder von einem Spieler noch vom Ball ber\u00fchrt werden; dies gilt als Fehler.<\/p>\n<p>Jede Mannschaft besteht aus f\u00fcnf Spielern, die versuchen, einen Ball mit dem Arm oder mit der Faust f\u00fcr den Gegner unerreichbar in das andere Halbfeld zu spielen.<\/p>\n<p>(Wikipedia, <a href=\"http:\/\/de.wikipedia.org\/wiki\/Faustball\" target=\"_blank\" rel=\"noopener noreferrer\">http:\/\/de.wikipedia.org\/wiki\/Faustball<\/a>) Viel Spa\u00df!<\/p>\n","protected":false},"excerpt":{"rendered":"<p>Wer wissen m\u00f6chte wie es geht? Faustball ist ein R\u00fcckschlagspiel, bei dem sich zwei Mannschaften auf zwei Halbfeldern gegen\u00fcberstehen, \u00e4hnlich wie beim&nbsp;Volleyball. Sie sind durch eine Mittellinie und ein Band &#8230;<\/p>\n","protected":false},"author":1,"featured_media":0,"parent":0,"menu_order":0,"comment_status":"closed","ping_status":"closed","template":"template-frontpage.php","meta":{"footnotes":""},"class_list":["post-2","page","type-page","status-publish","hentry"],"_links":{"self":[{"href":"https:\/\/www.faustballartikel.de\/esg_wp\/wp-json\/wp\/v2\/pages\/2","targetHints":{"allow":["GET"]}}],"collection":[{"href":"https:\/\/www.faustballartikel.de\/esg_wp\/wp-json\/wp\/v2\/pages"}],"about":[{"href":"https:\/\/www.faustballartikel.de\/esg_wp\/wp-json\/wp\/v2\/types\/page"}],"author":[{"embeddable":true,"href":"https:\/\/www.faustballartikel.de\/esg_wp\/wp-json\/wp\/v2\/users\/1"}],"replies":[{"embeddable":true,"href":"https:\/\/www.faustballartikel.de\/esg_wp\/wp-json\/wp\/v2\/comments?post=2"}],"version-history":[{"count":6,"href":"https:\/\/www.faustballartikel.de\/esg_wp\/wp-json\/wp\/v2\/pages\/2\/revisions"}],"predecessor-version":[{"id":1662,"href":"https:\/\/www.faustballartikel.de\/esg_wp\/wp-json\/wp\/v2\/pages\/2\/revisions\/1662"}],"wp:attachment":[{"href":"https:\/\/www.faustballartikel.de\/esg_wp\/wp-json\/wp\/v2\/media?parent=2"}],"curies":[{"name":"wp","href":"https:\/\/api.w.org\/{rel}","templated":true}]}}